*4 + 0 - d. Let g(l) be the second derivative of s(l). Calculate g(-1).
17
Let c(y) be the third derivative of -y**6/60 - y**5/4 - y**4/4 + 13*y**3/6 + y**2 - 363*y - 1. Give c(-7).
6
Let t(g) = -6*g**3 + 8*g**2 + 11*g - 6. Let u(o) = 7*o**3 - 9*o**2 - 12*o + 7. Suppose 29*v = -3*v + 160. Let c(y) = v*u(y) + 6*t(y). Calculate c(4).
7
Let x(b) = -6 + b**2 + 2*b + 9 + 4 - 6*b**2 - 3*b**2. Let h(w) = 25*w**2 - 6*w - 23. Let z(k) = -2*h(k) - 7*x(k). Calculate z(-2).
25
Suppose -2*q = -7*q + 3*w + 232, 4*w = 4. Let v be ((-4)/3)/((6/27)/(120/18)). Let c = q + v. Let y(t) = -t**3 + 7*t**2 + t - 1. Give y(c).
6
Let c(g) = -g**3 + 4*g**2 + 4*g - 9. Suppose -19 = 3*x - 13, 0 = -2*r - 3*x. Calculate c(r).
12
Let t(c) = 2*c - 38*c**3 + 124*c**3 - 43*c**3 - 16*c**2 - 42*c**3 - 31. What is t(16)?
1
Suppose 4*o - 5*t - 27 = 0, -o + 3*o = 3*t + 13. Let r(n) be the first derivative of -3*n**2/2 - n + 298. Calculate r(o).
-25
Let q(b) = b**3 - 13*b**2 - 5. Suppose -15 = 4*d + 1. Let x be (d - -5)/(1/13). Let j be q(x). Let t(k) = -k**2 - 3*k + 5. What is t(j)?
-5
Let g(k) = -4*k**2 - k + 2. Let j(t) = -17*t**2 + 13*t - 30. Let q(h) = -4*g(h) + j(h). Give q(14).
4
Let a(n) be the first derivative of -n**2/2 - 8*n - 1. Let p(i) = -2*i**2 - 8*i + 7. Let m be p(-7). Let q be -33 - m - (-1 + 3). Give a(q).
-8
Let b(a) = -15*a**2 - 3*a - 15. Let k(t) = -2*t**2 - 2. Suppose -40*m = -m - 351. Let n(y) = m*k(y) - b(y). Let w be -1 + 0 + 6/2. What is n(w)?
-9
Let n(y) = y**2 - 5. Suppose 0 = -26*a + 4*a. Suppose -29*v + 16*v = a. Determine n(v).
-5
Suppose x + 122 = -2*i, 346 = 2*x - 5*x - 2*i. Let h = 120 + x. Let d(w) = -w**2 + 8*w - 2. What is d(h)?
-2
Let a = 9407 - 9412. Let l(c) = c**2 + 9*c + 12. Calculate l(a).
-8
Let v(d) = 7*d**2 + 24*d - 5. Let m be v(-4). Suppose m*a - 12 + 1 = 0. Let o(c) = 4*c - 4*c - c - 5*c. Calculate o(a).
-6
Let f(k) be the first derivative of k**3/3 + 2*k**2 + 12*k + 466. Calculate f(-6).
24
Let g(j) = 14*j. Let h(q) = 13*q - 139. Let w be h(11). What is g(w)?
56
Suppose -497*v + 494*v + 6 = 0. Suppose -3*k + 65 = 23. Suppose -4*q = k - v. Let s(w) = -w**3 - 3*w**2 + 3*w + 3. Determine s(q).
-6
Let q(s) = -s**3 - 7*s**2 - 5*s - 6. Suppose 2*r = 4*b + 108, 0 = 4*b + b - 4*r + 138. Let f = 20 + b. Determine q(f).
-12
Let d be (28/(-5) - -4)/(36/(-90)). Let q(u) be the third derivative of 0 - 1/2*u**3 - 7*u**2 + 1/24*u**4 + 0*u. What is q(d)?
1
Let v(n) = -3*n**3 + 3*n**2 - 3*n + 2. Let r be ((-140)/(-56))/((-5)/(-24)). Suppose -3 - 21 = -r*b. Calculate v(b).
-16
Suppose -j + 3*l = -15, j - 2*j - 2*l = 5. Let c(r) be the second derivative of -r**3/6 + 2*r**2 + 35762*r. Give c(j).
1
Suppose 3*r + 5*h = -154, -5*r + 2*h - 6*h = 248. Let u be ((-2)/6)/(8/r). Let a(z) = -5*z + 4 + u*z + 4*z. Determine a(6).
10
Let l(b) = -9*b**2 + 14*b + 13. Let y(r) = 5*r**2 - 7*r - 7. Let s(h) = 6*l(h) + 11*y(h). Let x be -4 + -2 + -4 + (-24)/(-6). Determine s(x).
-5
Let s(l) be the first derivative of 4*l**3/3 + 3*l**2/2 + l - 4444. Let a be (-24)/18*3/2. Calculate s(a).
11
Let h(v) = -25 - 28*v - 3506*v**2 - v**3 - 3554*v**2 + 7079*v**2. What is h(17)?
77
Let r(m) = 5 + 3*m - 5. Let c = 6347 + -6345. Calculate r(c).
6
Let c be (-5 - (-16)/4)/((-1)/5). Suppose -2*j - c = 3, 4*a - 2*j = 168. Let w = a + -45. Let m(h) = 2*h + 4. Calculate m(w).
-6
Let k(b) = 3*b**3 - 48*b**2 - 39*b - 60. Let c(n) = -5*n**3 + 81*n**2 + 64*n + 100. Let o(g) = -7*c(g) - 12*k(g). Calculate o(11).
-2
Let v(f) = 2*f + 6. Let t = 13 + 29. Let a be (-963)/(-21) - 3/t*-2. Suppose -x = -38 + a. Determine v(x).
-10
Let n(c) be the third derivative of c**6/120 - 17*c**5/60 - 19*c**4/24 + 7*c**3/3 + 11*c**2. Suppose 0 = -5*p + 25, -7*s + 89 = -2*p - 27. Determine n(s).
-4
Let k(f) = f**2 - 19*f - 11. Let b be (140/98)/((-16)/(-168)). Calculate k(b).
-71
Let f(r) = -r**3 + 10*r**2 - 12*r + 3. Suppose -3*c = 2*t - 13 - 129, -2*t = -5*c + 226. Suppose -2*d + 64 = c. What is f(d)?
-24
Let n(k) = -91*k + 149 - 2*k**2 + 88*k - 146. Give n(-6).
-51
Let j(p) be the second derivative of -1/12*p**4 - 3*p**2 + 1/60*p**6 + 1/6*p**3 + 1/60*p**5 + 0 - 15*p. Let b(f) be the first derivative of j(f). Give b(1).
2
Let t(h) = 0*h**3 + 168 - 355 + 181 + 5*h**2 - h**3 + h. What is t(5)?
-1
Suppose -518 + 1989 + 581 = 171*i. Let o(y) = -y**3 + 11*y**2 + 9*y + 15. Give o(i).
-21
Let v = 27 + -12. Let x be (-3)/(-5) + 6/v + -2. Let t = x - -10. Let b(u) = -u**2 + 8*u + 6. Determine b(t).
-3
Let t(b) = -9*b + 2. Let f be t(-3). Suppose -4*j + 24*y = 20*y - 120, -j + 5*y = -30. Suppose -j*g - 5 = -f*g. Let r(q) = q**2 + 7*q + 7. What is r(g)?
-3
Let q(v) = -5*v**2 - 274*v + 13. Let g(m) = 9*m**2 + 504*m - 26. Let f(u) = -6*g(u) - 11*q(u). Calculate f(3).
-8
Suppose 15*f + 1706 = 6716. Let r = f + -335. Let s(l) = 6*l**2 - 3. Let g(y) = -y**2 + 1. Let j(t) = -2*g(t) - s(t). What is j(r)?
-3
Let j(x) = -17 + 48 - 11 - 21 + 0*x - x. Calculate j(-4).
3
Let p(o) = -219*o - 1430. Let m(y) = -32*y - 204. Let v(w) = 15*m(w) - 2*p(w). Calculate v(-5).
10
Let t(b) be the third derivative of b**6/120 + 13*b**5/60 + 11*b**4/24 - 11*b**3/6 - b**2. Suppose -23038 = 27*v - 2977. Let x = v + 731. What is t(x)?
1
Let i(l) be the first derivative of -3*l**2/2 - 43*l + 3065. Calculate i(-26).
35
Let j = -5 + 8. Let s(v) = 4*v - 55*v**2 + 11*v - 4 + 39*v**2 + v**j. Let q be s(15). Let x(m) = m**3 + 2*m**2 - 5*m + 3. Give x(q).
-9
Suppose 456*g + 232 = -2960. Let c(y) = -5*y + 16. Let o(k) = -14*k + 48. Let u(h) = 17*c(h) - 6*o(h). What is u(g)?
-9
Let z(d) = 3*d + 33. Let j be z(-10). Suppose 4*x + j*c + 24 = -3, -3*x + 3*c + 6 = 0. Let o(p) = p + 1. What is o(x)?
-2
Suppose -y - 17 = -4*t, 0*t - 2*y = -2*t + 16. Suppose 3*h + 42 = -t*h. Let z(s) = s**3 + 6*s**2 - 7*s. What is z(h)?
0
Let k(u) = u**3 + 8*u**2 - 10*u - 6. Let c be k(-9). Let a = 6 - 4. Let w(l) = -54*l**2 + 52*l**a - l - 1 + c*l + 4. What is w(-2)?
-9
Let b(r) = -2*r - 127 + 243 - 3*r**2 + r**2 - 10*r - 128. Let a be (9/18 - (-7)/(-2)) + -2. Calculate b(a).
-2
Let z(s) = s**3 - 7*s**2 + 3*s - 3. Suppose r = -8 + 5, -4*v = 2*r + 6. Suppose 3*b - 6 = 3*h, v = b + 3*b + 3*h - 15. Give z(b).
-30
Let o(m) = -18*m**2 - 11*m + 5. Let k(b) = -4*b**2 - b - 4. Let r(p) = -4*k(p) + o(p). Give r(3).
-18
Let h(r) = r**3 + 3*r**2 + 11*r. Let w be h(-2). Let b(j) = j**2 + 19*j + 23. What is b(w)?
5
Suppose -152 - 253 = 81*t. Let s(r) = 17*r**2 + 9*r + 10. Let x(y) = -5*y**2 - 3*y - 3. Let u(b) = -2*s(b) - 7*x(b). Give u(t).
11
Let s(v) = v**3 + 23*v**2 + 22*v - 7. Suppose 0 = -21*x + 11*x - 220. Let j be s(x). Let p(a) = -a**3 - 6*a**2 + 6*a - 6. Determine p(j).
1
Let g(h) be the third derivative of -h**4/24 + h**2. Let y be 9/(-2) - -3 - 3/(-6). Let n = -7 - y. What is g(n)?
6
Let k(d) be the third derivative of d**6/120 - 2*d**5/15 + 5*d**4/12 - 2*d**3/3 + 125*d**2. Determine k(5).
-29
Let s(b) be the second derivative of -4 - 5*b**2 + 1/3*b**3 - 12*b. What is s(11)?
12
Let i(q) = 5 + 101*q**3 - 29*q + 39 - 102*q**3 + 28*q**2 + 0. What is i(27)?
-10
Let n(v) = 3*v - 39. Let h be (-2 - -9)*((-18)/27 - (-15)/9). What is n(h)?
-18
Let y(v) = -v**3 - 9*v**2 + 38*v - 10. Let c be -13 - (-3 - -5)/(12/4 - 5). Give y(c).
-34
Let z = -21057 - -21031. Let p(j) = -12*j - 318. Determine p(z).
-6
Let j(u) = -2*u**2 + 20*u - 14. Let c be (-1716)/(-234) - ((-1)/(-3) - 1). What is j(c)?
18
Let w(m) = -111 + 7*m + 1 + 63 - 4*m + 4*m. What is w(6)?
-5
Let y(j) = -2*j**3 - 11*j**2 + 33*j - 53. Let v be y(-8). Let t(s) = -34*s. Determine t(v).
-102
Let g(t) be the third derivative of -5*t**4/24 - 13*t**3/6 + 675*t**2. Give g(-3).
2
Suppose -5*i + 35 = 10. Suppose 4 = -i*b + b. Let f(m) = -3*m**2 + 7*m - 24. Let a(s) = 3*s**2 - 5*s + 16. Let p(y) = 3*a(y) + 2*f(y). Give p(b).
4
Suppose 25*o - 29*o + 8 = 0. Suppose -5*s + 21 + 11 = o*a, -11 = -s - 5*a. Suppose 5*h = -h - s. Let m(d) = -7*d - 1. Determine m(h).
6
Let n(k) = k + 15. Suppose -2*a + 5*y - 16 = -a, 3*a = 5*y - 8. Suppose -105 = a*r + 11*r. Give n(r).
8
Let v(t) = -78*t**2 - 475*t - 40. Let w be v(-6). Let f(g) be the first derivative of 1/2*g**w + 38 + 7*g. Calculate f(7).
14
Suppose z = 5*s + 4, 2*z = 4*z + 5*s - 8. Suppose -z*i = -2*x + 1 + 7, x + 16 = -2*i. Let l(b) = b - 6*b**2 - b**3 - 2 + 3 + 4. Determine l(x).
-1
Let i(w) = -